1 is divided by 99?
55
Calculate the remainder when 7052 is divided by 36.
32
What is the remainder when 205 is divided by 9?
7
Calculate the remainder when 375 is divided by 63.
60
What is the remainder when 3823 is divided by 5?
3
Calculate the remainder when 261 is divided by 30.
21
Calculate the remainder when 407 is divided by 113.
68
Calculate the remainder when 15597 is divided by 150.
147
Calculate the remainder when 235 is divided by 79.
77
What is the remainder when 1443 is divided by 27?
12
Calculate the remainder when 248 is divided by 28.
24
What is the remainder when 387 is divided by 78?
75
Calculate the remainder when 328 is divided by 111.
106
Calculate the remainder when 389 is divided by 36.
29
Calculate the remainder when 3188 is divided by 29.
27
Calculate the remainder when 39 is divided by 26.
13
Calculate the remainder when 3507 is divided by 15.
12
What is the remainder when 138 is divided by 64?
10
What is the remainder when 231 is divided by 39?
36
Calculate the remainder when 607 is divided by 88.
79
What is the remainder when 371 is divided by 95?
86
What is the remainder when 501 is divided by 84?
81
What is the remainder when 258 is divided by 20?
18
Calculate the remainder when 5318 is divided by 140.
138
What is the remainder when 67 is divided by 29?
9
Calculate the remainder when 11337 is divided by 35.
32
Calculate the remainder when 13047 is divided by 14.
13
Calculate the remainder when 45 is divided by 37.
8
What is the remainder when 4499 is divided by 500?
499
Calculate the remainder when 141 is divided by 69.
3
What is the remainder when 1030 is divided by 204?
10
What is the remainder when 147 is divided by 25?
22
What is the remainder when 197 is divided by 102?
95
What is the remainder when 114 is divided by 9?
6
What is the remainder when 1341 is divided by 32?
29
What is the remainder when 463 is divided by 20?
3
What is the remainder when 9085 is divided by 55?
10
What is the remainder when 57 is divided by 10?
7
Calculate the remainder when 1720 is divided by 157.
150
What is the remainder when 17366 is divided by 104?
102
What is the remainder when 1187 is divided by 10?
7
Calculate the remainder when 2291 is divided by 9.
5
What is the remainder when 1818 is divided by 140?
138
Calculate the remainder when 734 is divided by 21.
20
What is the remainder when 70 is divided by 25?
20
Calculate the remainder when 11 is divided by 1.
0
What is the remainder when 603 is divided by 155?
138
Calculate the remainder when 131 is divided by 63.
5
What is the remainder when 73 is divided by 20?
13
What is the remainder when 119 is divided by 15?
14
What is the remainder when 539 is divided by 75?
14
What is the remainder when 1389 is divided by 499?
391
Calculate the remainder when 864 is divided by 146.
134
Calculate the remainder when 400 is divided by 34.
26
What is the remainder when 2166 is divided by 31?
27
Calculate the remainder when 929 is divided by 31.
30
What is the remainder when 244 is divided by 49?
48
What is the remainder when 4267 is divided by 853?
2
What is the remainder when 916 is divided by 329?
258
What is the remainder when 645 is divided by 12?
9
Calculate the remainder when 93 is divided by 12.
9
Calculate the remainder when 435 is divided by 2.
1
What is the remainder when 639 is divided by 161?
156
Calculate the remainder when 335 is divided by 16.
15
What is the remainder when 1705 is divided by 80?
25
Calculate the remainder when 177 is divided by 36.
33
What is the remainder when 1600 is divided by 276?
220
What is the remainder when 168 is divided by 85?
83
What is the remainder when 97 is divided by 58?
39
Calculate the remainder when 4917 is divided by 120.
117
What is the remainder when 345 is divided by 87?
84
Calculate the remainder when 1448 is divided by 364.
356
What is the remainder when 3320 is divided by 277?
273
Calculate the remainder when 85 is divided by 29.
27
What is the remainder when 1156 is divided by 61?
58
Calculate the remainder when 173 is divided by 38.
21
Calculate the remainder when 57512 is divided by 57.
56
Calculate the remainder when 503 is divided by 84.
83
What is the remainder when 7149 is divided by 130?
129
Calculate the remainder when 413 is divided by 84.
77
What is the remainder when 529 is divided by 59?
57
Calculate the remainder when 267 is divided by 11.
3
Calculate the remainder when 9241 is divided by 272.
265
Calculate the remainder when 1449 is divided by 56.
49
Calculate the remainder when 1063 is divided by 8.
7
Calculate the remainder when 945 is divided by 95.
90
Calculate the remainder when 231 is divided by 40.
31
What is the remainder when 2409 is divided by 798?
15
What is the remainder when 705 is divided by 211?
72
Calculate the remainder when 32 is divided by 13.
6
What is the remainder when 263 is divided by 55?
43
Calculate the remainder when 94 is divided by 19.
18
What is the remainder when 841 is divided by 47?
42
What is the remainder when 501 is divided by 131?
108
Calculate the remainder when 316 is divided by 104.
4
Calculate the remainder when 1221 is divided by 153.
150
Calculate the remainder when 456 is divided by 109.
20
What is the remainder when 264 is divided by 18?
12
What is the remainder when 353 is divided by 128?
97
Calculate the remainder when 1342 is divided by 12.
10
What is the remainder when 51 is divided by 12?
3
Calculate the remainder when 305 is divided by 43.
4
Calculate the remainder when 2047 is divided by 32.
31
Calculate the remainder when 1060 is divided by 52.
20
What is the remainder when 73 is divided by 65?
8
Calculate the remainder when 761 is divided by 3.
2
Calculate the remainder when 9 is divided by 7.
2
Calculate the remainder when 101 is divided by 30.
11
Calculate the remainder when 501 is divided by 64.
53
Calculate the remainder when 180 is divided by 14.
12
What is the remainder when 4276 is divided by 214?
210
What is the remainder when 218 is divided by 201?
17
What is the remainder when 727 is divided by 43?
39
What is the remainder when 758 is divided by 69?
68
What is the remainder when 3710 is divided by 27?
11
Calculate the remainder when 2348 is divided by 10.
8
What is the remainder when 80 is divided by 29?
22
What is the remainder when 673 is divided by 27?
25
What is the remainder when 247 is divided by 125?
122
Calculate the remainder when 654 is divided by 143.
82
What is the remainder when 718 is divided by 18?
16
What is the remainder when 218 is divided by 26?
10
What is the remainder when 2518 is divided by 10?
8
What is the remainder when 238 is divided by 32?
14
Calculate the remainder when 432 is divided by 15.
12
What is the remainder when 331 is divided by 35?
16
What is the remainder when 4732 is divided by 74?
70
Calculate the remainder when 546 is divided by 33.
18
Calculate the remainder when 63 is divided by 17.
12
What is the remainder when 2362 is divided by 124?
6
What is the remainder when 132 is divided by 16?
4
Calculate the remainder when 3779 is divided by 10.
9
What is the remainder when 1782 is divided by 221?
14
Calculate the remainder when 1952 is divided by 976.
0
What is the remainder when 2658 is divided by 14?
12
What is the remainder when 108 is divided by 41?
26
Calculate the remainder when 432 is divided by 32.
16
What is the remainder when 38 is divided by 20?
18
Calculate the remainder when 7885 is divided by 161.
157
Calculate the remainder when 204 is divided by 77.
50
Calculate the remainder when 41 is divided by 32.
9
What is the remainder when 179 is divided by 153?
26
What is the remainder when 777 is divided by 20?
17
What is the remainder when 131 is divided by 17?
12
What is the remainder when 215 is divided by 61?
32
What is the remainder when 5283 is divided by 85?
13
Calculate the remainder when 169 is divided by 17.
16
What is the remainder when 66 is divided by 7?
3
Calculate the remainder when 46 is divided by 19.
8
What is the remainder when 1706 is divided by 122?
120
What is the remainder when 792 is divided by 21?
15
What is the remainder when 56 is divided by 30?
26
Calculate the remainder when 1506 is divided by 29.
27
Calculate the remainder when 44 is divided by 25.
19
What is the remainde